, 563
List the prime factors of 460389122.
2, 31, 7425631
What are the prime factors of 220118039?
220118039
List the prime factors of 312877909.
312877909
List the prime factors of 99114940.
2, 5, 4955747
List the prime factors of 226760026.
2, 67, 1692239
List the prime factors of 33583650.
2, 3, 5, 73, 3067
List the prime factors of 1061807.
1061807
What are the prime factors of 779033468?
2, 1013, 192259
What are the prime factors of 581100580?
2, 5, 31, 89, 10531
List the prime factors of 576026041.
647, 890303
What are the prime factors of 255560508?
2, 3, 7, 281, 401
What are the prime factors of 1245933602?
2, 15559, 40039
List the prime factors of 46528512.
2, 3, 7573
List the prime factors of 3070089885.
3, 5, 204672659
What are the prime factors of 1338015683?
14489, 92347
List the prime factors of 134839105.
5, 19, 1419359
List the prime factors of 6798459567.
3, 41, 113, 489133
List the prime factors of 96182328.
2, 3, 11, 17, 29, 739
What are the prime factors of 261980937?
3, 1399, 20807
List the prime factors of 112346116.
2, 29, 968501
List the prime factors of 294718034.
2, 13, 1627, 6967
What are the prime factors of 124647714?
2, 3, 19, 31, 3919
What are the prime factors of 202540175?
5, 8101607
List the prime factors of 31391286.
2, 3, 5231881
What are the prime factors of 1699321?
13, 67, 1951
List the prime factors of 30658963.
53, 607, 953
What are the prime factors of 948584475?
3, 5, 1049, 4019
What are the prime factors of 910196401?
53, 163, 105359
What are the prime factors of 238431832?
2, 109, 127, 2153
What are the prime factors of 4489022489?
7, 281, 677, 3371
List the prime factors of 169240468.
2, 42310117
What are the prime factors of 3190755727?
79, 40389313
What are the prime factors of 7636292?
2, 31, 61583
List the prime factors of 332041063.
3581, 92723
What are the prime factors of 915156547?
915156547
What are the prime factors of 213989232?
2, 3, 4458109
What are the prime factors of 38667495?
3, 5, 2577833
List the prime factors of 35902776.
2, 3, 7, 13, 17, 967
What are the prime factors of 4717426527?
3, 11, 15883591
List the prime factors of 73279339.
7, 10468477
List the prime factors of 2534669010.
2, 3, 5, 3129221
What are the prime factors of 662540984?
2, 7, 11831089
List the prime factors of 14073174.
2, 3, 193, 4051
What are the prime factors of 2188491810?
2, 3, 5, 31, 2353217
What are the prime factors of 151477441?
8969, 16889
What are the prime factors of 392477195?
5, 11, 7135949
List the prime factors of 92389632.
2, 3, 120299
What are the prime factors of 3672184127?
17, 216010831
What are the prime factors of 419835684?
2, 3, 53, 660119
What are the prime factors of 103435325?
5, 7, 84437
List the prime factors of 3346038004.
2, 836509501
List the prime factors of 72588199.
71, 617, 1657
List the prime factors of 348887339.
383, 503, 1811
List the prime factors of 47331301.
47331301
List the prime factors of 260753532.
2, 3, 13, 1671497
What are the prime factors of 3238615864?
2, 11, 43, 191, 4481
What are the prime factors of 24145700?
2, 5, 89, 2713
List the prime factors of 2336584918.
2, 1213, 963143
What are the prime factors of 88936307?
88936307
List the prime factors of 101868166.
2, 1117, 45599
List the prime factors of 2288004894.
2, 3, 7, 487, 1381
What are the prime factors of 1484288585?
5, 13, 29, 53, 83, 179
List the prime factors of 354900016.
2, 22181251
List the prime factors of 90618815.
5, 7, 41, 63149
What are the prime factors of 2279283959?
17, 31, 659, 6563
What are the prime factors of 1416241624?
2, 7, 2621, 9649
What are the prime factors of 211529049?
3, 107, 658969
List the prime factors of 269576399.
23, 409, 28657
List the prime factors of 13228013.
23, 575131
What are the prime factors of 1216784873?
61, 19947293
List the prime factors of 1392098120.
2, 5, 7, 1367, 3637
List the prime factors of 438924863.
13, 33763451
List the prime factors of 25248913.
971, 26003
List the prime factors of 4865045103.
3, 1973, 273979
What are the prime factors of 216794912?
2, 1201, 5641
List the prime factors of 2017280579.
97, 20796707
List the prime factors of 368598276.
2, 3, 23, 49463
What are the prime factors of 211877497?
13, 101, 12413
What are the prime factors of 2663469235?
5, 7, 37, 43, 6833
List the prime factors of 4012801125.
3, 5, 17, 61, 607
List the prime factors of 717744572.
2, 179436143
List the prime factors of 6148073.
41, 149953
What are the prime factors of 340767124?
2, 83, 1026407
List the prime factors of 450037245.
3, 5, 7, 349, 12281
List the prime factors of 133501009.
47, 2840447
List the prime factors of 1158943136.
2, 13, 23, 59, 2053
List the prime factors of 15190495.
5, 1009, 3011
List the prime factors of 21352234.
2, 23, 313, 1483
What are the prime factors of 41321084?
2, 7, 17, 47, 1847
List the prime factors of 377158201.
7, 107, 503549
List the prime factors of 4158995204.
2, 7, 13, 163, 191, 367
List the prime factors of 36489055.
5, 17, 429283
List the prime factors of 857918880.
2, 3, 5, 7, 13, 6547
What are the prime factors of 469281654?
2, 3, 29, 41, 7309
List the prime factors of 1526455411.
13, 4177, 28111
List the prime factors of 51507974.
2, 7, 19, 83, 2333
List the prime factors of 98886289.
6691, 14779
List the prime factors of 24719514.
2, 3, 4119919
What are the prime factors of 25672361?
11, 13, 179527
What are the prime factors of 92320621?
349, 264529
What are the prime factors of 117615500?
2, 5, 235231
List the prime factors of 46644164.
2, 7, 19, 43, 2039
List the prime factors of 100871105.
5, 283, 71287
What are the prime factors of 240406378?
2, 43, 2795423
What are the prime factors of 277570684?
2, 887, 78233
What are the prime factors of 34584075?
3, 5, 281, 547
List the prime factors of 52666702.
2, 11, 367, 593
List the prime factors of 37664233.
197, 191189
What are the prime factors of 93432062?
2, 46716031
What are the prime factors of 860867647?
860867647
List the prime factors of 52245855.
3, 5, 727, 1597
List the prime factors of 17986343.
17986343
What are the prime factors of 182028241?
182028241
What are the prime factors of 5005280481?
3, 10313, 161779
List the prime factors of 1890922.
2, 11, 23, 37, 101
List the prime factors of 243219649.
243219649
List the prime factors of 160005714.
2, 3, 11, 2424329
List the prime factors of 1826463877.
7, 29, 103, 12479
List the prime factors of 17334809.
149, 116341
What are the prime factors of 602066980?
2, 5, 30103349
What are the prime factors of 9912148?
2, 19, 130423
What are the prime factors of 852340758?
2, 3, 131, 1084403
List the prime factors of 285085221.
3, 47, 73, 27697
List the prime factors of 33390027.
3, 11, 367, 919
List the prime factors of 108117961.
7, 19, 116131
List the prime factors of 29805326.
2, 761, 19583
What are the prime factors of 123566496?
2, 3, 31, 41521
What are the prime factors of 40336061?
599, 67339
What are the prime factors of 252384782?
2, 13, 1153, 8419
List the prime factors of 268641974.
2, 134320987
List the prime factors of 4829678433.
3, 178876979
List the prime factors of 185308776.
2, 3, 53, 16187
List the prime factors of 48987531.
3, 163, 11131
List the prime factors of 1994417.
29, 97, 709
What are the prime factors of 2445894?
2, 3, 11, 1123
What are the prime factors of 1058463?
3, 7, 53, 317
What are the prime factors of 214719949?
214719949
What are the prime factors of 129710565?
3, 5, 320273
List the prime factors of 419503482.
2, 3, 47, 67, 2467
List the prime factors of 198252804.
2, 3, 83, 199049
What are the prime factors of 1682723988?
2, 3, 11, 17, 43, 5813
List the prime factors of 49208736.
2, 3, 512591
What are the prime factors of 977403880?
2, 5, 24435097
List the prime factors of 235910852.
2, 6997, 8429
List the prime factors of 123346337.
127, 757, 1283
What are the prime factors of 1563975848?
2, 239, 817979
What are the prime factors of 175106149?
175106149
What are the prime factors of 39884851?
1567, 25453
What are the prime factors of 122477824?
2, 7, 41, 1667
List the prime factors of 85133657.
7, 31, 392321
List the prime factors of 2556332388.
2, 3, 691, 102763
What are the prime factors of 134610211?
59, 2281529
What are the prime factors of 1769529578?